{"id":450,"date":"2023-05-23T19:11:31","date_gmt":"2023-05-23T19:11:31","guid":{"rendered":"https:\/\/samdesign.com.tr\/?page_id=450"},"modified":"2023-05-23T19:13:14","modified_gmt":"2023-05-23T19:13:14","slug":"yaptiklarimiz","status":"publish","type":"page","link":"https:\/\/samdesign.com.tr\/index.php\/yaptiklarimiz\/","title":{"rendered":"Yapt\u0131klar\u0131m\u0131z"},"content":{"rendered":"\t\t<div data-elementor-type=\"wp-page\" data-elementor-id=\"450\" class=\"elementor elementor-450\">\n\t\t\t\t\t\t<section class=\"elementor-section elementor-inner-section elementor-element elementor-element-2df5e97c elementor-section-boxed elementor-section-height-default elementor-section-height-default\" data-id=\"2df5e97c\" data-element_type=\"section\">\n\t\t\t\t\t\t<div class=\"elementor-container elementor-column-gap-extended\">\n\t\t\t\t\t<div class=\"elementor-column elementor-col-33 elementor-inner-column elementor-element elementor-element-4e775c0f\" data-id=\"4e775c0f\" data-element_type=\"column\">\n\t\t\t<div class=\"elementor-widget-wrap elementor-element-populated\">\n\t\t\t\t\t\t<div class=\"elementor-element elementor-element-5282ccf3 elementor-widget elementor-widget-image\" data-id=\"5282ccf3\" data-element_type=\"widget\" data-widget_type=\"image.default\">\n\t\t\t\t<div class=\"elementor-widget-container\">\n\t\t\t\t\t\t\t\t\t\t\t\t\t<img fetchpriority=\"high\" decoding=\"async\" width=\"881\" height=\"881\" src=\"https:\/\/samdesign.com.tr\/wp-content\/uploads\/2023\/05\/1.png\" class=\"attachment-full size-full wp-image-412\" alt=\"\" srcset=\"https:\/\/samdesign.com.tr\/wp-content\/uploads\/2023\/05\/1.png 881w, https:\/\/samdesign.com.tr\/wp-content\/uploads\/2023\/05\/1-300x300.png 300w, https:\/\/samdesign.com.tr\/wp-content\/uploads\/2023\/05\/1-150x150.png 150w, https:\/\/samdesign.com.tr\/wp-content\/uploads\/2023\/05\/1-768x768.png 768w\" sizes=\"(max-width: 881px) 100vw, 881px\" \/>\t\t\t\t\t\t\t\t\t\t\t\t\t<\/div>\n\t\t\t\t<\/div>\n\t\t\t\t<div class=\"elementor-element elementor-element-494fdbde elementor-widget elementor-widget-heading\" data-id=\"494fdbde\" data-element_type=\"widget\" data-widget_type=\"heading.default\">\n\t\t\t\t<div class=\"elementor-widget-container\">\n\t\t\t<h2 class=\"elementor-heading-title elementor-size-default\">Wear in Total Comfort<\/h2>\t\t<\/div>\n\t\t\t\t<\/div>\n\t\t\t\t<div class=\"elementor-element elementor-element-43310ec0 elementor-widget elementor-widget-text-editor\" data-id=\"43310ec0\" data-element_type=\"widget\" data-widget_type=\"text-editor.default\">\n\t\t\t\t<div class=\"elementor-widget-container\">\n\t\t\t\t\t\t\t<p>There are many variations of lorem ipsum available, but the have suffered alteration in some form by humour.<\/p>\t\t\t\t\t\t<\/div>\n\t\t\t\t<\/div>\n\t\t\t\t\t<\/div>\n\t\t<\/div>\n\t\t\t\t<div class=\"elementor-column elementor-col-33 elementor-inner-column elementor-element elementor-element-33e39ba7\" data-id=\"33e39ba7\" data-element_type=\"column\">\n\t\t\t<div class=\"elementor-widget-wrap elementor-element-populated\">\n\t\t\t\t\t\t<div class=\"elementor-element elementor-element-63e802f0 elementor-widget elementor-widget-image\" data-id=\"63e802f0\" data-element_type=\"widget\" data-widget_type=\"image.default\">\n\t\t\t\t<div class=\"elementor-widget-container\">\n\t\t\t\t\t\t\t\t\t\t\t\t\t<img decoding=\"async\" width=\"879\" height=\"881\" src=\"https:\/\/samdesign.com.tr\/wp-content\/uploads\/2023\/05\/2.png\" class=\"attachment-full size-full wp-image-423\" alt=\"\" srcset=\"https:\/\/samdesign.com.tr\/wp-content\/uploads\/2023\/05\/2.png 879w, https:\/\/samdesign.com.tr\/wp-content\/uploads\/2023\/05\/2-300x300.png 300w, https:\/\/samdesign.com.tr\/wp-content\/uploads\/2023\/05\/2-150x150.png 150w, https:\/\/samdesign.com.tr\/wp-content\/uploads\/2023\/05\/2-768x770.png 768w\" sizes=\"(max-width: 879px) 100vw, 879px\" \/>\t\t\t\t\t\t\t\t\t\t\t\t\t<\/div>\n\t\t\t\t<\/div>\n\t\t\t\t<div class=\"elementor-element elementor-element-ae38557 elementor-widget elementor-widget-heading\" data-id=\"ae38557\" data-element_type=\"widget\" data-widget_type=\"heading.default\">\n\t\t\t\t<div class=\"elementor-widget-container\">\n\t\t\t<h2 class=\"elementor-heading-title elementor-size-default\">Clearer Hands-free Calling<\/h2>\t\t<\/div>\n\t\t\t\t<\/div>\n\t\t\t\t<div class=\"elementor-element elementor-element-fad04e3 elementor-widget elementor-widget-text-editor\" data-id=\"fad04e3\" data-element_type=\"widget\" data-widget_type=\"text-editor.default\">\n\t\t\t\t<div class=\"elementor-widget-container\">\n\t\t\t\t\t\t\t<p>There are many variations of lorem ipsum available, but the have suffered alteration in some form by humour.<\/p>\t\t\t\t\t\t<\/div>\n\t\t\t\t<\/div>\n\t\t\t\t\t<\/div>\n\t\t<\/div>\n\t\t\t\t<div class=\"elementor-column elementor-col-33 elementor-inner-column elementor-element elementor-element-31acf04c\" data-id=\"31acf04c\" data-element_type=\"column\">\n\t\t\t<div class=\"elementor-widget-wrap elementor-element-populated\">\n\t\t\t\t\t\t<div class=\"elementor-element elementor-element-75104f33 elementor-widget elementor-widget-image\" data-id=\"75104f33\" data-element_type=\"widget\" data-widget_type=\"image.default\">\n\t\t\t\t<div class=\"elementor-widget-container\">\n\t\t\t\t\t\t\t\t\t\t\t\t\t<img decoding=\"async\" width=\"882\" height=\"883\" src=\"https:\/\/samdesign.com.tr\/wp-content\/uploads\/2023\/05\/3.png\" class=\"attachment-full size-full wp-image-424\" alt=\"\" srcset=\"https:\/\/samdesign.com.tr\/wp-content\/uploads\/2023\/05\/3.png 882w, https:\/\/samdesign.com.tr\/wp-content\/uploads\/2023\/05\/3-300x300.png 300w, https:\/\/samdesign.com.tr\/wp-content\/uploads\/2023\/05\/3-150x150.png 150w, https:\/\/samdesign.com.tr\/wp-content\/uploads\/2023\/05\/3-768x769.png 768w\" sizes=\"(max-width: 882px) 100vw, 882px\" \/>\t\t\t\t\t\t\t\t\t\t\t\t\t<\/div>\n\t\t\t\t<\/div>\n\t\t\t\t<div class=\"elementor-element elementor-element-5a1bcd96 elementor-widget elementor-widget-heading\" data-id=\"5a1bcd96\" data-element_type=\"widget\" data-widget_type=\"heading.default\">\n\t\t\t\t<div class=\"elementor-widget-container\">\n\t\t\t<h2 class=\"elementor-heading-title elementor-size-default\">Control at Your Fingertip<\/h2>\t\t<\/div>\n\t\t\t\t<\/div>\n\t\t\t\t<div class=\"elementor-element elementor-element-72209eaa elementor-widget elementor-widget-text-editor\" data-id=\"72209eaa\" data-element_type=\"widget\" data-widget_type=\"text-editor.default\">\n\t\t\t\t<div class=\"elementor-widget-container\">\n\t\t\t\t\t\t\t<p>There are many variations of lorem ipsum available, but the have suffered alteration in some form by humour.<\/p>\t\t\t\t\t\t<\/div>\n\t\t\t\t<\/div>\n\t\t\t\t\t<\/div>\n\t\t<\/div>\n\t\t\t\t\t<\/div>\n\t\t<\/section>\n\t\t\t\t<section class=\"elementor-section elementor-inner-section elementor-element elementor-element-1e34484 elementor-section-boxed elementor-section-height-default elementor-section-height-default\" data-id=\"1e34484\" data-element_type=\"section\">\n\t\t\t\t\t\t<div class=\"elementor-container elementor-column-gap-extended\">\n\t\t\t\t\t<div class=\"elementor-column elementor-col-33 elementor-inner-column elementor-element elementor-element-31a24504\" data-id=\"31a24504\" data-element_type=\"column\">\n\t\t\t<div class=\"elementor-widget-wrap elementor-element-populated\">\n\t\t\t\t\t\t<div class=\"elementor-element elementor-element-6bb67d73 elementor-widget elementor-widget-image\" data-id=\"6bb67d73\" data-element_type=\"widget\" data-widget_type=\"image.default\">\n\t\t\t\t<div class=\"elementor-widget-container\">\n\t\t\t\t\t\t\t\t\t\t\t\t\t<img loading=\"lazy\" decoding=\"async\" width=\"886\" height=\"880\" src=\"https:\/\/samdesign.com.tr\/wp-content\/uploads\/2023\/05\/4.png\" class=\"attachment-full size-full wp-image-425\" alt=\"\" srcset=\"https:\/\/samdesign.com.tr\/wp-content\/uploads\/2023\/05\/4.png 886w, https:\/\/samdesign.com.tr\/wp-content\/uploads\/2023\/05\/4-300x298.png 300w, https:\/\/samdesign.com.tr\/wp-content\/uploads\/2023\/05\/4-150x150.png 150w, https:\/\/samdesign.com.tr\/wp-content\/uploads\/2023\/05\/4-768x763.png 768w\" sizes=\"(max-width: 886px) 100vw, 886px\" \/>\t\t\t\t\t\t\t\t\t\t\t\t\t<\/div>\n\t\t\t\t<\/div>\n\t\t\t\t<div class=\"elementor-element elementor-element-423e8932 elementor-widget elementor-widget-heading\" data-id=\"423e8932\" data-element_type=\"widget\" data-widget_type=\"heading.default\">\n\t\t\t\t<div class=\"elementor-widget-container\">\n\t\t\t<h2 class=\"elementor-heading-title elementor-size-default\">Wear in Total Comfort<\/h2>\t\t<\/div>\n\t\t\t\t<\/div>\n\t\t\t\t<div class=\"elementor-element elementor-element-21e3835c elementor-widget elementor-widget-text-editor\" data-id=\"21e3835c\" data-element_type=\"widget\" data-widget_type=\"text-editor.default\">\n\t\t\t\t<div class=\"elementor-widget-container\">\n\t\t\t\t\t\t\t<p>There are many variations of lorem ipsum available, but the have suffered alteration in some form by humour.<\/p>\t\t\t\t\t\t<\/div>\n\t\t\t\t<\/div>\n\t\t\t\t\t<\/div>\n\t\t<\/div>\n\t\t\t\t<div class=\"elementor-column elementor-col-33 elementor-inner-column elementor-element elementor-element-43856458\" data-id=\"43856458\" data-element_type=\"column\">\n\t\t\t<div class=\"elementor-widget-wrap elementor-element-populated\">\n\t\t\t\t\t\t<div class=\"elementor-element elementor-element-2367cd5d elementor-widget elementor-widget-image\" data-id=\"2367cd5d\" data-element_type=\"widget\" data-widget_type=\"image.default\">\n\t\t\t\t<div class=\"elementor-widget-container\">\n\t\t\t\t\t\t\t\t\t\t\t\t\t<img loading=\"lazy\" decoding=\"async\" width=\"370\" height=\"349\" src=\"https:\/\/samdesign.com.tr\/wp-content\/uploads\/2019\/11\/home-col-2.jpg\" class=\"attachment-full size-full wp-image-74\" alt=\"\" srcset=\"https:\/\/samdesign.com.tr\/wp-content\/uploads\/2019\/11\/home-col-2.jpg 370w, https:\/\/samdesign.com.tr\/wp-content\/uploads\/2019\/11\/home-col-2-300x283.jpg 300w\" sizes=\"(max-width: 370px) 100vw, 370px\" \/>\t\t\t\t\t\t\t\t\t\t\t\t\t<\/div>\n\t\t\t\t<\/div>\n\t\t\t\t<div class=\"elementor-element elementor-element-1437c09e elementor-widget elementor-widget-heading\" data-id=\"1437c09e\" data-element_type=\"widget\" data-widget_type=\"heading.default\">\n\t\t\t\t<div class=\"elementor-widget-container\">\n\t\t\t<h2 class=\"elementor-heading-title elementor-size-default\">Clearer Hands-free Calling<\/h2>\t\t<\/div>\n\t\t\t\t<\/div>\n\t\t\t\t<div class=\"elementor-element elementor-element-8ba7484 elementor-widget elementor-widget-text-editor\" data-id=\"8ba7484\" data-element_type=\"widget\" data-widget_type=\"text-editor.default\">\n\t\t\t\t<div class=\"elementor-widget-container\">\n\t\t\t\t\t\t\t<p>There are many variations of lorem ipsum available, but the have suffered alteration in some form by humour.<\/p>\t\t\t\t\t\t<\/div>\n\t\t\t\t<\/div>\n\t\t\t\t\t<\/div>\n\t\t<\/div>\n\t\t\t\t<div class=\"elementor-column elementor-col-33 elementor-inner-column elementor-element elementor-element-24f88ebe\" data-id=\"24f88ebe\" data-element_type=\"column\">\n\t\t\t<div class=\"elementor-widget-wrap elementor-element-populated\">\n\t\t\t\t\t\t<div class=\"elementor-element elementor-element-2d21407d elementor-widget elementor-widget-image\" data-id=\"2d21407d\" data-element_type=\"widget\" data-widget_type=\"image.default\">\n\t\t\t\t<div class=\"elementor-widget-container\">\n\t\t\t\t\t\t\t\t\t\t\t\t\t<img loading=\"lazy\" decoding=\"async\" width=\"370\" height=\"349\" src=\"https:\/\/samdesign.com.tr\/wp-content\/uploads\/2019\/11\/home-col-3.jpg\" class=\"attachment-full size-full wp-image-75\" alt=\"\" srcset=\"https:\/\/samdesign.com.tr\/wp-content\/uploads\/2019\/11\/home-col-3.jpg 370w, https:\/\/samdesign.com.tr\/wp-content\/uploads\/2019\/11\/home-col-3-300x283.jpg 300w\" sizes=\"(max-width: 370px) 100vw, 370px\" \/>\t\t\t\t\t\t\t\t\t\t\t\t\t<\/div>\n\t\t\t\t<\/div>\n\t\t\t\t<div class=\"elementor-element elementor-element-6e2003c5 elementor-widget elementor-widget-heading\" data-id=\"6e2003c5\" data-element_type=\"widget\" data-widget_type=\"heading.default\">\n\t\t\t\t<div class=\"elementor-widget-container\">\n\t\t\t<h2 class=\"elementor-heading-title elementor-size-default\">Control at Your Fingertip<\/h2>\t\t<\/div>\n\t\t\t\t<\/div>\n\t\t\t\t<div class=\"elementor-element elementor-element-f93fe6e elementor-widget elementor-widget-text-editor\" data-id=\"f93fe6e\" data-element_type=\"widget\" data-widget_type=\"text-editor.default\">\n\t\t\t\t<div class=\"elementor-widget-container\">\n\t\t\t\t\t\t\t<p>There are many variations of lorem ipsum available, but the have suffered alteration in some form by humour.<\/p>\t\t\t\t\t\t<\/div>\n\t\t\t\t<\/div>\n\t\t\t\t\t<\/div>\n\t\t<\/div>\n\t\t\t\t\t<\/div>\n\t\t<\/section>\n\t\t\t\t<\/div>\n\t\t","protected":false},"excerpt":{"rendered":"<p>Wear in Total Comfort There are many variations of lorem ipsum available, but the have suffered alteration in some form by humour. Clearer Hands-free Calling There are many variations of lorem ipsum available, but the have suffered alteration in some form by humour. Control at Your Fingertip There are many variations of lorem ipsum available, [&hellip;]<\/p>\n","protected":false},"author":1,"featured_media":0,"parent":0,"menu_order":0,"comment_status":"closed","ping_status":"closed","template":"","meta":{"footnotes":""},"class_list":["post-450","page","type-page","status-publish","hentry"],"_links":{"self":[{"href":"https:\/\/samdesign.com.tr\/index.php\/wp-json\/wp\/v2\/pages\/450","targetHints":{"allow":["GET"]}}],"collection":[{"href":"https:\/\/samdesign.com.tr\/index.php\/wp-json\/wp\/v2\/pages"}],"about":[{"href":"https:\/\/samdesign.com.tr\/index.php\/wp-json\/wp\/v2\/types\/page"}],"author":[{"embeddable":true,"href":"https:\/\/samdesign.com.tr\/index.php\/wp-json\/wp\/v2\/users\/1"}],"replies":[{"embeddable":true,"href":"https:\/\/samdesign.com.tr\/index.php\/wp-json\/wp\/v2\/comments?post=450"}],"version-history":[{"count":0,"href":"https:\/\/samdesign.com.tr\/index.php\/wp-json\/wp\/v2\/pages\/450\/revisions"}],"wp:attachment":[{"href":"https:\/\/samdesign.com.tr\/index.php\/wp-json\/wp\/v2\/media?parent=450"}],"curies":[{"name":"wp","href":"https:\/\/api.w.org\/{rel}","templated":true}]}}